1202
1a8467 (base 12) to base 4
1302322033
What is -850291 (base 10) in base 9?
-1535337
What is -1011255030 (base 6) in base 16?
-9f1c1a
Convert 39937 (base 11) to base 15.
11d71
-315436 (base 10) to base 11
-1a5aa0
-557510 (base 8) to base 6
-4011240
Convert 281a8 (base 16) to base 12.
7b088
What is 1607253 (base 10) in base 9?
3018656
310222202 (base 5) to base 4
10303011022
-323023000 (base 4) to base 10
-242368
-1000101010101001100100 (base 2) to base 13
-6170b3
Convert 11000111010011000 (base 2) to base 9.
164867
What is -1210322033 (base 4) in base 12?
-17b23b
What is 127121 (base 8) in base 14?
12397
-29410 (base 10) to base 11
-20107
What is 2143154 (base 6) in base 7?
623632
What is 226cbb (base 13) in base 8?
3067740
Convert -1102202011100 (base 3) to base 7.
-6324321
What is -1200120031 (base 4) in base 11?
-24a658
What is 808107 (base 10) in base 6?
25153123
Convert -1001011011011010101 (base 2) to base 16.
-4b6d5
Convert 1b5806 (base 15) to base 14.
26a6c3
Convert 6234238 (base 9) to base 2.
1100101100111000000100
13020212 (base 5) to base 8
366543
ae12b (base 15) to base 9
1033555
What is -111111011100010100111 (base 2) in base 7?
-23445616
What is c5dbad (base 15) in base 8?
43717052
What is 1001001010100001101000 (base 2) in base 13?
661658
Convert -1946107 (base 11) to base 4.
-30202222102
What is 34315556 (base 9) in base 6?
1353045040
bb498 (base 13) to base 4
1102303003
What is 3221110300 (base 4) in base 6?
32252304
55524134 (base 6) to base 2
110011001000001011010
Convert -28a754 (base 11) to base 15.
-8e54b
What is -2073062 (base 14) in base 4?
-322200031232
-418757 (base 9) to base 15
-4dc8d
a1889a (base 11) to base 4
12033220030
-10172417 (base 11) to base 5
-20024110443
Convert 25a935 (base 14) to base 5.
313000404
What is 1111112200000 (base 3) in base 13?
21c2c7
What is 711a8 (base 14) in base 13?
96a61
Convert 1324838 (base 13) to base 14.
b25709
Convert 196592 (base 16) to base 7.
20101325
What is 5140445 (base 7) in base 16?
961e5
What is -38290 (base 12) in base 11?
-52470
5393554 (base 11) to base 14
1389c00
Convert -13322013000 (base 4) to base 16.
-1fa1c0
What is -223202225 (base 6) in base 8?
-17427211
What is 11827825 (base 9) in base 12?
1b3b942
What is -5420451 (base 6) in base 10?
-267151
-12bd8 (base 14) to base 15
-da85
Convert 1020120200220 (base 3) to base 12.
27a620
Convert 20664325 (base 8) to base 4.
100312203111
Convert -e519 (base 15) to base 13.
-19050
What is 110110000101000001 (base 2) in base 7?
1611534
Convert 55397 (base 11) to base 9.
132164
-2172659 (base 10) to base 8
-10223363
What is -2b6a3b0 (base 12) in base 13?
-1aabb05
Convert -11404112 (base 5) to base 3.
-12102110220
Convert -527da (base 14) to base 12.
-972a4
-504056 (base 7) to base 13
-2cb7c
What is 10001221002 (base 3) in base 13?
21695
65042 (base 12) to base 11
91006
Convert 331113011 (base 4) to base 8.
752705
7213552 (base 10) to base 7
115212523
Convert 444243 (base 6) to base 7.
213414
Convert 1b465 (base 14) to base 3.
10112022002
What is -6413874 (base 10) in base 6?
-345245510
Convert 30122231300 (base 4) to base 2.
1100011010101101110000
What is -100111011000111001 (base 2) in base 12?
-79449
1a7627 (base 13) to base 12
2857a9
2a446 (base 12) to base 5
3400012
Convert -123240320 (base 5) to base 4.
-2103013121
Convert -3f9e (base 16) to base 15.
-4c5b
Convert -19d5f (base 16) to base 4.
-121311133
Convert 101022011213 (base 4) to base 6.
240222555
What is -14d177 (base 15) in base 10?
-1006087
What is -dbb6b4 (base 14) in base 13?
-1709104
Convert -39184 (base 11) to base 13.
-1c707
Convert 10011100101010110 (base 2) to base 9.
132026
Convert -20101200111 (base 3) to base 15.
-27477
Convert -18a0c0 (base 14) to base 6.
-30412320
What is -4214145 (base 6) in base 9?
-341342
Convert 121300231 (base 4) to base 13.
39049
Convert 112223031 (base 4) to base 11.
63864
What is -39d1c9 (base 15) in base 14?
-524595
What is 33322021 (base 4) in base 3?
10022101101
What is -1492db (base 14) in base 5?
-140414034
Convert -b8955 (base 14) to base 10.
-446367
Convert 30003202131 (base 4) to base 13.
86856c
What is -20b6834 (base 12) in base 11?
-3562981
-2122022120101 (base 3) to base 6
-50030444
-2430114440 (base 5) to base 12
-1ab2b47
Convert 100210011002 (base 3) to base 5.
22130231
595a481 (base 11) to base 6
1010442000
Convert 539862 (base 14) to base 5.
1211040333
What is -6435477 (base 9) in base 2?
-1101001001111011110100
-1375131 (base 8) to base 9
-656358
What is -5a642c (base 14) in base 10?
-3090568
-952341 (base 11) to base 4
-11310133212
Convert -1a534 (base 14) to base 16.
-10542
-15ea5 (base 16) to base 8
-257245
Convert c364b8 (base 14) to base 4.
121020002302
768782 (base 9) to base 16
701ae
What is -5791046 (base 11) in base 16?
-9a64a8
Convert 30631455 (base 7) to base 5.
1130014003
What is -10122102212010 (base 3) in base 13?
-52abc5
Convert -103100441 (base 5) to base 11.
-281159
-102120210220 (base 3) to base 5
-24244124
What is 34411078 (base 9) in base 15?
1703838
Convert -1020044202 (base 5) to base 9.
-3868631
3113200302 (base 5) to base 2
11000010101111100001111
631a8 (base 13) to base 5
21201024
-2743554 (base 8) to base 12
-312890
-304228 (base 10) to base 4
-1022101210
Convert -361b11 (base 13) to base 11.
-800755
What is 7d2a21 (base 15) in base 9?
12227744
23223233120 (base 4) to base 7
35014166
What is 714656 (base 10) in base 12?
2a56a8
Convert 101220555 (base 6) to base 11.
a91849
11468 (base 14) to base 4
22100310
2663a (base 11) to base 7
215616
What is -1133220122 (base 4) in base 10?
-391706
Convert -1114062 (base 7) to base 11.
-94983
111200222002002 (base 3) to base 7
115616300
21c51 (base 13) to base 16
efe5
What is -157558 (base 10) in base 4?
-212131312
-90952 (base 10) to base 16
-16348
What is -6003470 (base 8) in base 6?
-53430200
Convert 32bcd (base 15) to base 14.
42acd
202120112110 (base 3) to base 14
a7837
Convert 1000101001000000100 (base 2) to base 4.
1011020010
Convert 394758 (base 13) to base 9.
2534303
Convert 21511402 (base 6) to base 5.
131201231
What is 100021100002 (base 3) in base 16?
2c8df
-13242204 (base 5) to base 7
-1065554
What is a7e81 (base 15) in base 4?
2002022122
Convert -1101202010010 (base 3) to base 6.
-23531303
What is 11015064 (base 7) in base 6?
32132350
What is -619d (base 15) in base 14?
-7731
What is 1816903 (base 10) in base 8?
6734507
What is a9762 (base 14) in base 11?
260303
Convert 106553 (base 8) to base 11.
25222
10202111122211 (base 3) to base 12
804271
What is 1200214404 (base 5) in base 12?
b0287a
Convert 10011112202110 (base 3) to base 4.
12123011211
What is -4177d2 (base 15) in base 2?
-1011111000001000110010
What is 323121223 (base 4) in base 2?
111011011001101011
What is -14402321 (base 5) in base 7?
-1206260
Convert 2422028 (base 10) to base 15.
32c988
What is -bbbc4d (base 14) in base 5?
-3112334440
13213001 (base 4) to base 9
46672
1143663 (base 14) to base 13
192233b
Convert -2009a1 (base 13) to base 12.
-2ba83a
-16160448 (base 9) to base 12
-2852452
Convert -10131322 (base 4) to base 7.
-104230
-1410360 (base 7) to base 6
-4003523
-19be32 (base 15) to base 3
-2100202222102
Convert 1bb65 (base 13) to base 15.
112ea
3022123143 (base 5) to base 16
5c5759
-49067 (base 11) to base 16
-113d8
141242034 (base 5) to base 7
6120530
-1100000011101101010100 (base 2) to base 15
-42687b
-c3661 (base 16) to base 12
-327201
What is -1174c14 (base 14) in base 11?
-4793212
-8bbcdc (base 14) to base 7
-55304265
-2aa8a (base 12) to base 8
-165612
What is 170107 (base 11) in base 4?
1000113302
Convert -11212211110202 (base 3) to base 9.
-4784422
What is 43220220 (base 5) in base 14?
97a19
3951 (base 13) to base 10
8178
What is 123121231 (base 4) in base 11?
77364
-17748 (base 16) to base 4
-113131020
-1a969 (base 11) to base 14
-a879
543045 (base 6) to base 2
1010111011000101
What is 1131310103 (base 5) in base 4?
21323230002
Convert -9565b (base 12) to base 6.
-4112155
2d8dc (base 16) to base 9
313850
Convert -441206 (base 8) to base 9.
-245137
Convert 10222430 (base 6) to base 10.
298674
What is 6202680 (base 11) in base 4?
221302203000
What is -3444220 (base 5) in base 6?
-1201015
-accac (base 15) to base 6
-15440300
-19405 (base 13) to base 